 highest common factor of 11047867 and 235.
47
What is the greatest common divisor of 1730922 and 65274?
258
What is the highest common factor of 703 and 101118?
19
Calculate the greatest common divisor of 15985 and 36547.
23
What is the greatest common divisor of 4075745 and 40?
5
What is the greatest common divisor of 16 and 248142?
2
Calculate the greatest common divisor of 29043 and 29602193.
461
What is the highest common factor of 3765 and 191573240?
1255
What is the highest common divisor of 446 and 62860355?
223
Calculate the highest common divisor of 29391003 and 288.
9
What is the greatest common divisor of 4639373998 and 49?
49
Calculate the greatest common factor of 19800 and 6964683.
33
What is the highest common factor of 1292641 and 1316?
329
Calculate the greatest common factor of 2356805 and 7227.
803
What is the highest common divisor of 3 and 117574?
1
What is the highest common factor of 3010105 and 70?
35
Calculate the highest common factor of 7003 and 418243.
149
Calculate the highest common factor of 6030298 and 389680.
9742
What is the greatest common divisor of 20440365 and 730?
365
Calculate the highest common factor of 438207 and 228360.
33
Calculate the highest common factor of 141669 and 246114.
99
What is the greatest common factor of 34203458 and 342?
38
What is the greatest common divisor of 96 and 574338?
6
What is the highest common factor of 50319 and 36573?
3
Calculate the highest common factor of 3126070 and 20710.
190
What is the greatest common divisor of 200 and 35711480?
40
Calculate the greatest common factor of 24410623 and 867.
17
Calculate the highest common factor of 13026 and 157078363.
2171
What is the highest common factor of 13 and 184168543?
13
What is the greatest common divisor of 258895 and 304415?
2845
Calculate the highest common factor of 712863 and 3834234.
6921
Calculate the highest common factor of 41074943 and 72163.
1183
Calculate the highest common divisor of 196471 and 30899.
583
What is the greatest common divisor of 994407 and 133743?
327
Calculate the highest common factor of 506 and 3751495.
11
What is the highest common factor of 12 and 65181066?
6
Calculate the greatest common divisor of 114 and 59910686.
38
Calculate the greatest common factor of 7147647 and 1989.
117
What is the highest common divisor of 52979 and 20150?
31
Calculate the greatest common divisor of 2291163 and 21.
21
Calculate the highest common factor of 3034874 and 25874.
34
Calculate the highest common divisor of 69916208 and 16.
16
What is the highest common divisor of 36 and 968148684?
36
Calculate the greatest common divisor of 2475 and 20268.
9
What is the greatest common factor of 164023709 and 157?
157
Calculate the highest common factor of 21 and 67401992.
7
What is the highest common divisor of 12 and 3748197?
3
Calculate the highest common factor of 17213 and 19481.
7
Calculate the greatest common divisor of 3640 and 5272085.
455
Calculate the greatest common factor of 26877592 and 154.
14
What is the greatest common factor of 581106880 and 640?
320
What is the highest common divisor of 16591904 and 560?
112
Calculate the highest common factor of 884030622 and 3849.
3849
Calculate the highest common factor of 7644 and 152166.
42
What is the greatest common divisor of 25482 and 188238?
822
Calculate the greatest common factor of 70 and 29113735.
35
What is the highest common divisor of 598782 and 23598?
138
What is the highest common factor of 339567302 and 30444?
5074
Calculate the greatest common divisor of 22425204 and 141.
141
Calculate the highest common divisor of 5115317 and 153598.
1259
What is the greatest common divisor of 64709208 and 1224?
1224
Calculate the greatest common divisor of 2598 and 4545634.
866
Calculate the highest common factor of 2892 and 7697058.
1446
Calculate the highest common factor of 7096 and 16587787.
887
Calculate the greatest common factor of 232 and 14179898.
58
Calculate the greatest common divisor of 138748100 and 860.
860
Calculate the highest common factor of 3950 and 1378150.
50
What is the greatest common factor of 757458 and 286?
26
Calculate the greatest common factor of 360061369 and 771.
257
What is the greatest common divisor of 1266 and 68983918?
422
What is the highest common divisor of 28833 and 1476699?
21
What is the greatest common factor of 11941444 and 9804?
172
What is the greatest common divisor of 3539841 and 93?
3
What is the highest common factor of 133314 and 53945118?
7842
Calculate the greatest common factor of 10859732 and 16393.
1261
Calculate the greatest common factor of 6118 and 3266480.
266
What is the highest common factor of 139178 and 2054?
26
What is the greatest common factor of 63869525 and 3950?
1975
Calculate the highest common divisor of 42 and 101269749.
21
Calculate the highest common factor of 693709 and 28957.
1259
Calculate the highest common divisor of 212 and 26699121.
53
Calculate the greatest common factor of 91 and 7323524.
13
Calculate the greatest common divisor of 19399194 and 108.
18
What is the highest common divisor of 2636832 and 888?
24
Calculate the highest common factor of 405 and 36130680.
45
What is the highest common factor of 1732 and 241816211?
433
What is the highest common factor of 506485483 and 458?
229
What is the greatest common factor of 165 and 109207505?
55
What is the highest common factor of 380 and 2828948?
76
Calculate the highest common divisor of 1531748 and 72832.
2276
What is the greatest common divisor of 23431568 and 48128?
752
What is the greatest common divisor of 993 and 111?
3
What is the highest common factor of 20030 and 500930?
10
What is the highest common divisor of 226366 and 1729?
133
What is the greatest common divisor of 1153 and 145387535?
1153
What is the greatest common divisor of 1101 and 310622561?
367
What is the highest common factor of 77464 and 22609?
23
What is the greatest common factor of 76422 and 62742?
6
Calculate the highest common divisor of 372 and 2774624.
124
What is the highest common divisor of 10386 and 962712?
18
Calculate the highest common factor of 64462652 and 828.
92
Calculate the highest common factor of 671350 and 2642625.
725
What is the greatest common divisor of 83912730 and 561?
33
What is the greatest common factor of 8062890 and 1155?
165
Calculate the greatest common factor of 637350 and 702.
6
Calculate the highest common factor of 110269268 and 235727.
6371
Calculate the greatest common factor of 283400 and 400790.
130
What is the highest common divisor of 669 and 8035359?
669
What is the greatest common divisor of 175082760 and 960?
120
Calculate the greatest common factor of 8 and 1620536.
8
Calculate the highest common divisor of 7201790 and 50.
10
Calculate the greatest common factor of 38 and 225438097.
19
What is the highest common factor of 98118673 and 534?
89
What is the greatest common factor of 1103888 and 42?
2
What is the greatest common factor of 210 and 170255260?
70
What is the highest common divisor of 8923966 and 3691250?
5906
What is the highest common divisor of 187271 and 197036?
217
What is the highest common factor of 5072 and 146659416?
2536
Calculate the greatest common factor of 5759064 and 16704.
72
What is the highest common factor of 110889 and 149364?
81
Calculate the greatest common factor of 2461 and 172912.
107
What is the highest common factor of 395342048 and 16?
16
Calculate the highest common factor of 928435212 and 68.
68
Calculate the greatest common factor of 88 and 693822096.
88
Calculate the highest common divisor of 496 and 2607038.
62
Calculate the highest common divisor of 1750 and 13593650.
350
What is the greatest common factor of 178189343 and 2351?
2351
What is the highest common divisor of 15501712 and 1904?
16
Calculate the greatest common divisor of 112119 and 988076.
19
Calculate the highest common factor of 3005899 and 19500.
13
Calculate the greatest common divisor of 24 and 17404992.
24
What is the greatest common divisor of 66 and 17987274?
6
What is the greatest common divisor of 15266755 and 3885?
1295
Calculate the highest common divisor of 1758584 and 360.
8
What is the greatest common divisor of 3056124 and 2312?
68
What is the greatest common factor of 196